-5) + 4/(-20). Let r = -2 - y. What are the prime factors of r?
13
Let q be -2 + 10/(-1) + 1. Let s = 29 + q. Suppose 5*v = -3 + s. What are the prime factors of v?
3
Let b = -154 + 287. List the prime factors of b.
7, 19
Let q(i) = 4*i - 1. Let r be q(1). Suppose -3*p - 7 = r*f + f, 0 = -4*p + 2*f - 24. Let y(m) = m**3 + 5*m**2 - m + 7. What are the prime factors of y(p)?
2, 3
Let q(l) = -l**2 + 7*l + 2. Let p be q(7). Suppose -5*k = 5*d - 45, -k - 2*d + 24 = p*k. Let z = k + 6. List the prime factors of z.
2, 3
Suppose -2 = -3*d + 7. Let u(z) be the second derivative of -z**4/12 + 2*z**3/3 + z**2/2 + 4*z. What are the prime factors of u(d)?
2
Let l be 0/(3/((-3)/(-2))). Suppose -3*z + l = -12. What are the prime factors of z*-1 + 2 + 8?
2, 3
List the prime factors of -1 - (124/(-4) + -3).
3, 11
Suppose -a + 4*v + 170 = 0, 4*a = -2*v + 199 + 391. List the prime factors of a.
2, 3, 5
Suppose -18 = -2*l + 4*y, -3*l + 2*y - 13 = -40. Let n(t) = -t + 1. Let z be n(-2). Suppose -3*v - z*q = -9, q - l = 4*q. List the prime factors of v.
2, 3
Let n = 26 + -6. Let v be ((-15)/n)/((-2)/8). Suppose 0 = v*u + 5*a - a - 10, 5*u + 3*a = 13. List the prime factors of u.
2
Let k(s) = -1 - s**2 - 5*s + 11 - s. Suppose -3*i + i - 14 = 0. List the prime factors of k(i).
3
Let s be ((-4)/6)/(1/(-18)). Suppose -c = -4*c + s. List the prime factors of c.
2
Let z = 0 + 1. Let l be 10/(z + 3/(-6)). What are the prime factors of (-94)/(-5) - (-4)/l?
19
Let g = -1 - -1. Suppose 3*s + g = 6. What are the prime factors of s?
2
Suppose l + 3*x = -2*x + 58, 2*l = -5*x + 141. List the prime factors of l.
83
Let g(t) = t**3 + 5*t**2 + 6*t + 4. Let l be g(-4). Let p = l - -3. What are the prime factors of (-12 - 1)/(0 + p)?
13
Let g(v) = 2*v + 4 - 3*v + 0 - 1. List the prime factors of g(-5).
2
Let t(u) = -u**3 - 4*u**2 - 5*u - 4. Let q = 8 - 11. What are the prime factors of t(q)?
2
Suppose -777 = -0*l - 3*l - 4*x, 0 = -2*x + 6. List the prime factors of l.
3, 5, 17
Let r(h) be the second derivative of -h**3/6 - 3*h. Let a be r(-4). Suppose w - 5 = -a*u + 52, -w = -u + 18. What are the prime factors of u?
3, 5
Suppose -2*x - q + 7 = -18, x + q - 14 = 0. Let d be 53/x - 4/(-22). Suppose 4*i - 32 = -4*m, -38 - 12 = -5*m + d*i. What are the prime factors of m?
3
Let g(f) = -f**2 - 6*f - 3. Let l be g(-7). Let x be (-9)/(-5) + (-2)/l. Suppose 3*h - 60 = -x*h. What are the prime factors of h?
2, 3
Let d = -29 + 38. List the prime factors of d.
3
Suppose -2*o - 186 = -8*o. Suppose -2*y = -71 - o. List the prime factors of y.
3, 17
Suppose -b + 63 + 10 = 4*x, -b + 4*x + 113 = 0. List the prime factors of ((-15)/45)/((-1)/b).
31
Let s = -84 + 114. List the prime factors of s.
2, 3, 5
Let w be 1*-2*39/3. Let r = 38 + w. List the prime factors of r.
2, 3
Let y be -18*(-3)/6 - -1. Let s(c) = -5*c + y*c + 2 + 1 + 2*c**2. What are the prime factors of s(-3)?
2, 3
What are the prime factors of (-4)/8 - 75/(-2)?
37
Suppose 2*k - k = 34. List the prime factors of k.
2, 17
Let d(o) = -o**3 + 6*o**2 - 4*o + 1. Let w be d(4). Let m = w - 4. List the prime factors of m.
13
Let x = -8 + 5. List the prime factors of 28/x*6/(-4).
2, 7
Let p(x) = 13. Let l(s) be the second derivative of s**3/6 - 13*s**2 + 2*s. Let a(n) = -3*l(n) - 7*p(n). What are the prime factors of a(-11)?
2, 5
Let g = 16 - 26. List the prime factors of ((-8)/g)/(2/40).
2
Let l(j) = 37*j**2 + j. List the prime factors of l(2).
2, 3, 5
Suppose -3*n - 15 = -3*g, 3*g - 2*g - 3*n = 9. Let w = -7 + 9. Suppose 0 = h - w, c + g*h - 3 - 7 = 0. List the prime factors of c.
2
Suppose 0*s = 5*v - 3*s - 17, 5*v = -5*s + 25. Suppose w = -v*w + 80. What are the prime factors of w?
2
Suppose -49 - 31 = -2*l. What are the prime factors of l?
2, 5
What are the prime factors of 279/18 + (-2)/(-4)?
2
Suppose 0 = -3*y, -5*d + 4*y - 30 = -y. Let r(t) = t**2 + 6*t + 8. List the prime factors of r(d).
2
Let d(v) be the first derivative of 19*v**6/120 - v**5/60 - 5*v**2/2 + 3. Let z(i) be the second derivative of d(i). List the prime factors of z(1).
2, 3
Suppose -3*b = -223 + 73. Suppose 6*l + b = l. Let r = l - -22. List the prime factors of r.
2, 3
Let n(f) = -f**3 - f**2 + f + 9. Let o = 12 - 2. Let v = -10 + o. List the prime factors of n(v).
3
Let t(o) = -13*o**3 - 3*o**2 - o + 1. List the prime factors of t(-2).
5, 19
Let l = -22 + 75. What are the prime factors of l?
53
Let d be 3 + 51 + 1 + 2. Suppose -22 + d = 5*p. List the prime factors of p.
7
Suppose 5*z + 2*d = d - 5, 4*z = 4*d + 20. Suppose 0 = 5*t + 5*j - 40, z = -t - t + j + 4. List the prime factors of (-6)/t*(-10)/3.
5
Suppose -6*a - 5 = -5*a. What are the prime factors of (-3 - a) + 13 + 3?
2, 3
Suppose -5*o + n = -0*n - 283, 3*o = -5*n + 181. What are the prime factors of o?
3, 19
Let t = -4 + 5. Suppose -3*d = t - 4. Suppose b = 2*n - d, n + 3*b - 9 = 3*n. List the prime factors of n.
3
Let p be 2/3 + 4/(-6). Let o = p - -1. Let m = 1 + o. List the prime factors of m.
2
Let g(f) = f. Let s be g(5). Suppose -z - 5*h - 3 = 0, 4*z - s*z + 2*h = -4. What are the prime factors of ((-6)/(-9))/(z/9)?
3
Suppose a + 4 = -2*s, -3*a - s - 2 = -0*a. Let f = a - -1. Let q = f + 4. What are the prime factors of q?
5
Suppose 5*z + 0*z - 12 = c, 5*z = -c + 18. Suppose 2 = -4*k + c*t, k + 2*k + 4*t = 11. List the prime factors of 2*k - (-4 + -4).
2, 5
Let q(a) = -3*a - 2. Let r be q(-2). Suppose 3*x + 6 = -4*z, 3*z - x - r*x - 10 = 0. Suppose z = -4*f + 2*f + 4. List the prime factors of f.
2
What are the prime factors of 157 - (-2 + 0 + 3)*-3?
2, 5
Suppose -5*c + 245 = -30. What are the prime factors of c?
5, 11
What are the prime factors of 32 + 0 + (0 - -2)?
2, 17
Let a = 21 - 17. Let n = 46 - a. List the prime factors of n.
2, 3, 7
What are the prime factors of 0/1 - (8*-11 + -2)?
2, 3, 5
Suppose -33 = 3*s - 4*s. What are the prime factors of s?
3, 11
Let f be (-4)/30*-3*-5. Let b = f + 6. Suppose 2*v + 4*o = -8 + 18, 3*v + b*o - 15 = 0. List the prime factors of v.
5
Let j(c) = c**3 - 5*c**2 - 7*c + 1. Let s be j(6). What are the prime factors of s/(-20) - 261/(-12)?
2, 11
Let b(s) = s - 13. Let i be b(7). Let k = -4 - i. Suppose k*t - 3*t = -10. List the prime factors of t.
2, 5
Suppose -4*p + 2*p - 62 = 2*v, -34 = v - 2*p. Let y = -17 - v. Let u = y + -5. What are the prime factors of u?
2, 5
Let n = -1 + -27. What are the prime factors of (-21)/n + (-234)/(-8)?
2, 3, 5
Let c(a) = -a - 6. Let r be c(-9). Let f(b) = b - 6*b + 2 + 2*b**3 + 2 - 3*b**2. What are the prime factors of f(r)?
2
Let a(x) = -30*x**3 + x + 1. List the prime factors of a(-1).
2, 3, 5
Let n(h) = -h**2 + 6. Let m be n(-8). Let a = -32 - m. What are the prime factors of a?
2, 13
Suppose 9 = g - 1. Suppose -4*d + g = d. What are the prime factors of (-18)/(d*(1 - 2))?
3
Let y(a) = -a + 5. Let m be (-1 + 2)/1 - 3. Let t be -2*(-4)/m + -1. List the prime factors of y(t).
2, 5
Let z(g) = g**2 + 10*g + 61. What are the prime factors of z(-23)?
2, 3, 5
Suppose 14 + 10 = -3*x. Let k(l) = -l + 5. What are the prime factors of k(x)?
13
Let w be (1 - 2) + -10 + 10. List the prime factors of 124*3*w/(-12).
31
Let x = 328 + -187. List the prime factors of x.
3, 47
What are the prime factors of 6/5*120/8?
2, 3
Let f = -34 - -89. List the prime factors of f.
5, 11
Let c(p) = -2*p**3 - 8*p**2 - 8*p + 2. What are the prime factors of c(-4)?
2, 17
Suppose 0 = r + 3*r - 16. Suppose r*b = 2*b + 4. Suppose b*f - 12 = 18. List the prime factors of f.
3, 5
Let x = 3 + 2. Let j = 0 + x. List the prime factors of j.
5
Let k(w) = w**2 + w + 31. What are the prime factors of k(0)?
31
Let l(w) = -7*w**2 - 3*w + 3. Let u be l(1). Let n(x) = -x**3 - x - 3*x**2 + x**2 + 7 - 5*x**2. What are the prime factors of n(u)?
2, 7
Let l = -3 + 7. Let k be 188/8 - (-2)/l. Suppose 5*f - 2*r - k = -3*r, -5*f + 12 = -2*r. List the prime factors of f.
2
Suppose 3*u = 2*v - v - 10, v - 13 = 4*u. Suppose -v = n - 39. What are the prime factors of n?
2, 19
Suppose 16 = 4*o, -128 = -4*b - o - 3*o. What are the prime factors of b?
2, 7
Suppose -2*u + 8 = -0. Suppose p - 4*p - y = -5, -4*p = -y + 5. Suppose w = -n - p*n, -n - 6 = u*w. What are the prime factors of n?
2
Let w = -155 - -331. Suppose 8*h + w = 12*h. What are the prime factors of h?
2, 11
Suppose -26*